{"id":1718,"date":"2018-09-17T01:39:10","date_gmt":"2018-09-16T23:39:10","guid":{"rendered":"https:\/\/weltwietwech.de\/?page_id=1718"},"modified":"2019-01-05T05:07:29","modified_gmt":"2019-01-05T03:07:29","slug":"vietnam","status":"publish","type":"page","link":"https:\/\/weltwietwech.de\/?page_id=1718","title":{"rendered":"VIETNAM"},"content":{"rendered":"<h3>\u00dcber das Land<\/h3>\n<p>Vietnam ist ein unerwartet gro\u00dfes, aber schmales Land. Mit einer L\u00e4nge von 1.650km ist es vergleichbar mit der Strecke von Nordd\u00e4nemark \u00fcber Deutschland und \u00d6sterreich bis nach Norditalien. Aus diesem Grund ist das Land auch so unfassbar vielseitig! Neben der atemberaubenden Landschaft, ist die Kultur, die Architektur, die Lebenseinstellung, die Geschichte und die K\u00fcche der Vietnamesen fesselnd, umfangreich und bieten viel Abwechslung.<\/p>\n<p>&nbsp;<\/p>\n<p><a href=\"https:\/\/weltwietwech.de\/?page_id=2414\">Unser REISEBERICHT und weitere Informationen<\/a><\/p>\n","protected":false},"excerpt":{"rendered":"<p>\u00dcber das Land Vietnam ist ein unerwartet gro\u00dfes, aber schmales Land. Mit einer L\u00e4nge von 1.650km ist es vergleichbar mit der Strecke von Nordd\u00e4nemark \u00fcber Deutschland und \u00d6sterreich bis nach Norditalien. Aus diesem Grund ist das Land auch so unfassbar vielseitig! Neben der atemberaubenden Landschaft, ist die Kultur, die Architektur, die Lebenseinstellung, die Geschichte und&#8230;<\/p>\n","protected":false},"author":1,"featured_media":0,"parent":946,"menu_order":0,"comment_status":"closed","ping_status":"closed","template":"template-galleryVietnam.php","meta":{"footnotes":""},"class_list":["post-1718","page","type-page","status-publish","hentry"],"_links":{"self":[{"href":"https:\/\/weltwietwech.de\/index.php?rest_route=\/wp\/v2\/pages\/1718","targetHints":{"allow":["GET"]}}],"collection":[{"href":"https:\/\/weltwietwech.de\/index.php?rest_route=\/wp\/v2\/pages"}],"about":[{"href":"https:\/\/weltwietwech.de\/index.php?rest_route=\/wp\/v2\/types\/page"}],"author":[{"embeddable":true,"href":"https:\/\/weltwietwech.de\/index.php?rest_route=\/wp\/v2\/users\/1"}],"replies":[{"embeddable":true,"href":"https:\/\/weltwietwech.de\/index.php?rest_route=%2Fwp%2Fv2%2Fcomments&post=1718"}],"version-history":[{"count":4,"href":"https:\/\/weltwietwech.de\/index.php?rest_route=\/wp\/v2\/pages\/1718\/revisions"}],"predecessor-version":[{"id":4082,"href":"https:\/\/weltwietwech.de\/index.php?rest_route=\/wp\/v2\/pages\/1718\/revisions\/4082"}],"up":[{"embeddable":true,"href":"https:\/\/weltwietwech.de\/index.php?rest_route=\/wp\/v2\/pages\/946"}],"wp:attachment":[{"href":"https:\/\/weltwietwech.de\/index.php?rest_route=%2Fwp%2Fv2%2Fmedia&parent=1718"}],"curies":[{"name":"wp","href":"https:\/\/api.w.org\/{rel}","templated":true}]}}