{"id":408,"date":"2018-07-20T16:07:43","date_gmt":"2018-07-20T14:07:43","guid":{"rendered":"http:\/\/weltwietwech.de\/?page_id=408"},"modified":"2019-01-18T21:02:19","modified_gmt":"2019-01-18T19:02:19","slug":"visa","status":"publish","type":"page","link":"https:\/\/weltwietwech.de\/?page_id=408","title":{"rendered":"Visa"},"content":{"rendered":"<p>Als Europ\u00e4er ist man etwas verw\u00f6hnt, dass man ohne Vorbereitung und ohne Kosten in die Nachbarl\u00e4nder reisen kann. Aber sobald man Europa verl\u00e4sst, sieht es da schon ganz anders aus. Wohingegen man sich als Deutscher bzw. als EU-Mitglied auch hier nicht beschweren kann, denn wir geh\u00f6ren zu den Staaten mit den meisten visafreien Einreiseberechtigungen der Welt.<\/p>\n<p>Momentan d\u00fcrfen Deutsche in 126 L\u00e4nder der Welt visafrei und in 38 per einfaches eVisum\/eTA\/VisaOnArrival einreisen (zusammen 164). Nur Singapur darf in mehr L\u00e4nder &#8222;visafrei&#8220; einreisen (166 = 127 visafrei + 39 eVisum\/eTA\/VisaOnArrival). Die meisten EU Staaten d\u00fcrfen in 162-163 L\u00e4nder und damit nur in minimal weniger L\u00e4nder &#8222;visafrei&#8220; einreisen. (Stand Juli 2018, <a href=\"https:\/\/www.passportindex.org\/byRank.php\">passportindex.org<\/a>)<\/p>\n<p>&nbsp;<\/p>\n<h2>Die L\u00e4nder auf unserer Reise<\/h2>\n<h4>Sri Lanka<\/h4>\n<p>F\u00fcr Sri Lanka ben\u00f6tigt man eine <em>Electronic<\/em> <em>Travel<\/em> <em>Authorization<\/em> (eTA).<\/p>\n<p>Dies kann man vorher online beantragen und bezahlen oder erst bei der Einreise erledigen. Die eTA ist f\u00fcr 3 Monate g\u00fcltig, in dem man f\u00fcr 30 Tage im Land aufhalten darf. Innerhalb der 30 Tagen darf man auch das Land verlassen und wieder einreisen, denn die eTA erlaubt eine zweimalige Einreise.<\/p>\n<table width=\"604\">\n<tbody>\n<tr>\n<td width=\"148\"><strong>Verfahren<\/strong><\/td>\n<td width=\"112\"><strong>Aufenthalt<\/strong><\/td>\n<td width=\"143\"><strong>Kosten <\/strong>(<a href=\"https:\/\/www.eta.gov.lk\/slvisa\/visainfo\/fees.jsp\">gov.lk<\/a>)<\/td>\n<td width=\"95\"><strong>Einreise<\/strong><\/td>\n<td width=\"94\"><strong>G\u00fcltigkeit<\/strong><\/td>\n<\/tr>\n<tr>\n<td width=\"148\">eTA (<a href=\"https:\/\/eta.gov.lk\/etaslvisa\/etaNavServ?payType=1\">online<\/a>)<\/td>\n<td width=\"112\">30 Tage<\/td>\n<td width=\"143\">35 US Dollar<\/td>\n<td width=\"95\">zweimalig<\/td>\n<td width=\"94\">3 Monate<\/td>\n<\/tr>\n<tr>\n<td width=\"148\">eTA (bei Einreise)<\/td>\n<td width=\"112\">30 Tage<\/td>\n<td width=\"143\">40 US Dollar<\/td>\n<td width=\"95\">zweimalig<\/td>\n<td width=\"94\">3 Monate<\/td>\n<\/tr>\n<\/tbody>\n<\/table>\n<p>Falls einem 30 Tage zu kurz sind, kann man vor der Abreise ein Visum f\u00fcr bis zu 90 Tage bei der Botschaft beantragen.<\/p>\n<p>Wir hatten unsere eTA online vorher beantragt und bezahlt. Nach der Antragstellung auf der Seite erhielten wir nur wenige Minuten sp\u00e4ter eine akzeptierte Best\u00e4tigung per Mail und das war es schon. In Sri Lanka angekommen, mussten wir noch eine Arrival Card ausf\u00fcllen (diese erh\u00e4lt man im Flugzeug und liegen im Flughafen aus). Dann konnten wir direkt mit der ausgef\u00fcllten Arrival Card und unseren Reisep\u00e4ssen zur Einreisekontrolle. Unsere eTAs waren bereits im System hinterlegt.<\/p>\n<p>&nbsp;<\/p>\n<h4>Thailand<\/h4>\n<p>Thailand ist <strong>visafrei<\/strong>, hier wird kein eTA oder Visa on Arrival ben\u00f6tigt. Man muss nur eine Arrival Card (wieder erh\u00e4ltlich im Flugzeug oder im Flughafen) ausf\u00fcllen und geht dann direkt zur Einreisekontrolle. <strong>Nicht<\/strong> zum <em>Visa on Arrival<\/em>-Schalter, dieser ist nur f\u00fcr Einreisende, die nicht visafrei nach Thailand reisen d\u00fcrfen.<\/p>\n<p>Da die Einreise visafrei ist, ist sie auch kostenlos und man darf als Tourist bei Einreise mit Flugzeug f\u00fcr <strong>30 Tage<\/strong> und bei Einreise \u00fcber Land oder per Schiff 15 Tage in Thailand bleiben.<\/p>\n<p>&nbsp;<\/p>\n<h4>Kambodscha<\/h4>\n<p>F\u00fcr Kambodscha ben\u00f6tigt eigentlich jeder ein (klassisches) Visum, allerdings ist hier das Land ziemlich offen und stellt Visa recht schnell und locker aus.<\/p>\n<table width=\"604\">\n<tbody>\n<tr>\n<td width=\"148\"><strong>Verfahren<\/strong><\/td>\n<td width=\"112\"><strong>Aufenthalt<\/strong><\/td>\n<td width=\"143\"><strong>Kosten<\/strong><\/td>\n<td width=\"95\"><strong>Einreise<\/strong><\/td>\n<td width=\"94\"><strong>G\u00fcltigkeit<\/strong><\/td>\n<\/tr>\n<tr>\n<td width=\"148\">eVisum (<a href=\"https:\/\/www.evisa.gov.kh\/\">online<\/a>)<\/td>\n<td width=\"112\">1 Monat<\/td>\n<td width=\"143\">36 US Dollar<\/td>\n<td width=\"95\">einmalig<\/td>\n<td width=\"94\">3 Monate<\/td>\n<\/tr>\n<tr>\n<td width=\"148\">Visa On Arrival<\/td>\n<td width=\"112\">1 Monat<\/td>\n<td width=\"143\">30 US Dollar<\/td>\n<td width=\"95\">einmalig<\/td>\n<td width=\"94\">3 Monate<\/td>\n<\/tr>\n<\/tbody>\n<\/table>\n<p>Als normaler Tourist kommen eigentlich nur die beiden folgenden Varianten in Frage, ein eVisum zuvor online beantragen oder Visa On Arrival direkt bei Einreise beantragen.<\/p>\n<p>Wir hatten uns f\u00fcr das Visa On Arrival entschieden und hatten die ben\u00f6tigten US Dollar in bar mitgebracht. Dies war allerdings nicht notwendig, denn im Flughafen vor dem Visa On Arrival Schalter stehen Geldautomaten, bei dem man Geld abheben kann. (In Kambodscha ist die &#8222;offizielle&#8220; W\u00e4hrung US Dollar, sodass man auch am Geldautomat nur US Dollar erh\u00e4lt.)<\/p>\n<figure id=\"attachment_847\" aria-describedby=\"caption-attachment-847\" style=\"width: 500px\" class=\"wp-caption aligncenter\"><img loading=\"lazy\" decoding=\"async\" class=\"wp-image-847\" src=\"https:\/\/weltwietwech.de\/wp-content\/uploads\/2018\/07\/kambod_visa.jpg\" alt=\"\" width=\"500\" height=\"279\" srcset=\"https:\/\/weltwietwech.de\/wp-content\/uploads\/2018\/07\/kambod_visa.jpg 800w, https:\/\/weltwietwech.de\/wp-content\/uploads\/2018\/07\/kambod_visa-300x168.jpg 300w, https:\/\/weltwietwech.de\/wp-content\/uploads\/2018\/07\/kambod_visa-768x429.jpg 768w\" sizes=\"auto, (max-width: 500px) 100vw, 500px\" \/><figcaption id=\"caption-attachment-847\" class=\"wp-caption-text\">Kambodschanische Arrival Card und Wareneinfuhr Deklaration<\/figcaption><\/figure>\n<p>&nbsp;<\/p>\n<h4>Vietnam<\/h4>\n<p>Vietnam ist wie Thailand visafrei, allerdings hier nur f\u00fcr 15 Tage (Die Regelung ist aktuell bis 30.06.2021 g\u00fcltig). F\u00fcr einen l\u00e4ngeren Aufenthalt ben\u00f6tigt man ein e-\/Visum. Die Preise f\u00fcr ein klassisches Visum werden nicht offiziell ausgeschrieben, diese m\u00fcssen telefonisch bei der <a href=\"http:\/\/www.vietnambotschaft.org\/konsularische-informationen\/einreise-in-vietnam\/\">vietnamesischen Botschaft<\/a> angefragt werden. Viele Seiten verweisen noch auf die Visa On Arrival Methode per Einladung einer Reiseagentur (diese Methode ist eigentlich f\u00fcr L\u00e4nder ohne ans\u00e4ssige vietnamesische Botschaft). Dieses Verfahren ist im ersten Moment nicht sehr \u00fcbersichtlich, befindet sich in einer Grauzone und es fallen hier auch Geb\u00fchren an, somit ist hier selbst das einzige Argument der Zeitknappheit durch die M\u00f6glichkeit des eVisums hinf\u00e4llig.<\/p>\n<table width=\"604\">\n<tbody>\n<tr>\n<td width=\"148\"><strong>Verfahren<\/strong><\/td>\n<td width=\"112\"><strong>Aufenthalt<\/strong><\/td>\n<td width=\"143\"><strong>Kosten<\/strong><\/td>\n<td width=\"95\"><strong>Einreise<\/strong><\/td>\n<td width=\"94\"><strong>G\u00fcltigkeit<\/strong><\/td>\n<\/tr>\n<tr>\n<td width=\"148\">visafrei<\/td>\n<td width=\"112\">15 Tage<\/td>\n<td width=\"143\">kostenlos<\/td>\n<td width=\"95\">einmalig<\/td>\n<td width=\"94\">3 Monate<\/td>\n<\/tr>\n<tr>\n<td width=\"148\">eVisum (<a href=\"https:\/\/www.immigration.gov.vn\/\">online<\/a>)<\/td>\n<td width=\"112\">30 Tage<\/td>\n<td width=\"143\">25 US Dollar<\/td>\n<td width=\"95\">einmalig<\/td>\n<td width=\"94\">3 Monate<\/td>\n<\/tr>\n<tr>\n<td width=\"148\">Visum<\/td>\n<td width=\"112\">1 Monat<\/td>\n<td width=\"143\">ca. 65 Euro<\/td>\n<td width=\"95\">einmalig<\/td>\n<td width=\"94\"><\/td>\n<\/tr>\n<tr>\n<td width=\"148\">Visum<\/td>\n<td width=\"112\">1 Monat<\/td>\n<td width=\"143\">ca. 90 Euro<\/td>\n<td width=\"95\">mehrmalig<\/td>\n<td width=\"94\"><\/td>\n<\/tr>\n<tr>\n<td width=\"148\">Visum<\/td>\n<td width=\"112\">3 Monate<\/td>\n<td width=\"143\">ca. 90 Euro<\/td>\n<td width=\"95\">einmalig<\/td>\n<td width=\"94\"><\/td>\n<\/tr>\n<tr>\n<td width=\"148\">Visum<\/td>\n<td width=\"112\">3 Monate<\/td>\n<td width=\"143\">ca. 110 Euro<\/td>\n<td width=\"95\">mehrmalig<\/td>\n<td width=\"94\"><\/td>\n<\/tr>\n<\/tbody>\n<\/table>\n<p>Da wir l\u00e4nger als 15 Tage in Vietnam sein wollten, hatten wir uns f\u00fcr ein klassisches Visum f\u00fcr einen Monat mit einmaliger Einreise entschieden. Die Option des eVisums hatten wir irgendwie \u00fcbersehen und das grenzwertige Visa on Arrival per Einladung, auf das viele Reiseblogs noch verweisen, uns zu unsicher erschien. Wir hatten uns dann nach dem aktuellen Preis f\u00fcr das Visum bei der Botschaft erkundigt und mussten pro Person 65 Euro bezahlen. Das Geld mussten wir in bar(!) mit den Reisep\u00e4ssen zur Botschaft nach Berlin schicken. Eine etwas komische Methode, aber so verl\u00e4ngt es die Botschaft nun einmal.<\/p>\n<p>&nbsp;<\/p>\n<h4>Japan<\/h4>\n<p>Japan ist wie Thailand <strong>visafrei<\/strong> und es ist kein Visa\/eTA-Antrag im Vorfeld n\u00f6tig. Man muss nur bei Ankunft wie auch in anderen L\u00e4ndern eine Arrival Card ausf\u00fcllen und darf f\u00fcr <strong>90 Tage<\/strong> im Land bleiben. Der Aufenthalt kann bei Bedarf vor Ort auf 180 Tage verl\u00e4ngert werden.<\/p>\n<figure id=\"attachment_2543\" aria-describedby=\"caption-attachment-2543\" style=\"width: 500px\" class=\"wp-caption aligncenter\"><img loading=\"lazy\" decoding=\"async\" class=\"wp-image-2543\" src=\"https:\/\/weltwietwech.de\/wp-content\/uploads\/2018\/11\/jp_arrivalcard-300x200.jpg\" alt=\"\" width=\"500\" height=\"334\" srcset=\"https:\/\/weltwietwech.de\/wp-content\/uploads\/2018\/11\/jp_arrivalcard-300x200.jpg 300w, https:\/\/weltwietwech.de\/wp-content\/uploads\/2018\/11\/jp_arrivalcard-768x513.jpg 768w, https:\/\/weltwietwech.de\/wp-content\/uploads\/2018\/11\/jp_arrivalcard.jpg 800w\" sizes=\"auto, (max-width: 500px) 100vw, 500px\" \/><figcaption id=\"caption-attachment-2543\" class=\"wp-caption-text\">Japanische Arrival Card und Wareneinfuhr Deklaration<\/figcaption><\/figure>\n<p>&nbsp;<\/p>\n<h4>Kanada<\/h4>\n<p>F\u00fcr Kanada wird ein eTA-Antrag ben\u00f6tigt, den man rechtzeitig beantragt haben soll. Aber in der Regel, wird der Antrag innerhalb von Minuten automatisch genehmigt, sodass man es im Notfall noch kurz vor der Abreise erledigen k\u00f6nnte. Kanda hier das kulanteste Land und erlaubt mit einem best\u00e4tigten eTA-Antrag den Aufenthalt von 6 Monaten pro Einreise, bei beliebig h\u00e4ufiger Einreise innerhalb der n\u00e4chsten 5 Jahre.<\/p>\n<table width=\"604\">\n<tbody>\n<tr>\n<td width=\"148\"><strong>Verfahren<\/strong><\/td>\n<td width=\"112\"><strong>Aufenthalt<\/strong><\/td>\n<td width=\"143\"><strong>Kosten <\/strong>(<a href=\"https:\/\/www.canada.ca\/en\/immigration-refugees-citizenship\/services\/visit-canada\/eta\/apply-de.html\">canda.ca<\/a>)<\/td>\n<td width=\"95\"><strong>Einreise<\/strong><\/td>\n<td width=\"94\"><strong>G\u00fcltigkeit<\/strong><\/td>\n<\/tr>\n<tr>\n<td width=\"148\">eTA (<a href=\"https:\/\/www.canada.ca\/en\/immigration-refugees-citizenship\/services\/visit-canada\/eta\/apply-passport-information.html\">online<\/a>)<\/td>\n<td width=\"112\">6 Monate<\/td>\n<td width=\"143\">7 CA Dollar<\/td>\n<td width=\"95\">mehrmalig<\/td>\n<td width=\"94\">5 Jahre<\/td>\n<\/tr>\n<\/tbody>\n<\/table>\n<p>&nbsp;<\/p>\n<h4>USA<\/h4>\n<p>Auch f\u00fcr die USA wird ein eTA-Antrag ben\u00f6tigt, nur nennen es die Amerikaner ESTA-Antrag. Auch hier sollte der Antrag fr\u00fchzeitig gestellt werden. Es wird empfohlen es sp\u00e4stens 3 Tage vor Einreise erledigt zu haben, aber in der Regel dauert die Bewilligung des Antrags auch nur wenige Minuten, sodass es im Falle des Falles auch kurzfristig erledigt werden kann.<\/p>\n<table width=\"604\">\n<tbody>\n<tr>\n<td width=\"148\"><strong>Verfahren<\/strong><\/td>\n<td width=\"112\"><strong>Aufenthalt<\/strong><\/td>\n<td width=\"143\"><strong>Kosten<\/strong> (<a href=\"https:\/\/esta.cbp.dhs.gov\/esta\/application.html?language=de\">esta.cbp.dhs.gov<\/a>)<\/td>\n<td width=\"95\"><strong>Einreise<\/strong><\/td>\n<td width=\"94\"><strong>G\u00fcltigkeit<\/strong><\/td>\n<\/tr>\n<tr>\n<td width=\"148\">eTA\/ESTA (<a href=\"https:\/\/esta.cbp.dhs.gov\/esta\/application.html?language=de\">online<\/a>)<\/td>\n<td width=\"112\">90 Tage<\/td>\n<td width=\"143\">14 US Dollar<\/td>\n<td width=\"95\">mehrmalig<\/td>\n<td width=\"94\">2 Jahre<\/td>\n<\/tr>\n<\/tbody>\n<\/table>\n<p>Die Einreise \u00fcber den Landweg in die USA soll angeblich auch ohne ESTA funktionieren. Allerdings wurde in einigen Blogs empfohlen dennoch ESTA zu beantragen, da es den Einreiseprozess an der Grenze beschleunigen soll. Unsere Einreise funktionierte unkompliziert und z\u00fcgig, aber wir mussten nochmal 6 US Dollar pro Person f\u00fcr das I-94W bezahlen. Denn laut Aushang, wird diese Grenzkontrollgeb\u00fchr erhoben, da an der Landgrenze kein Flughafen oder Fluggesellschaft diese Verwaltungskosten \u00fcbernimmt. Man kann auch dieses Formular vorher online ausf\u00fcllen und dort die 6 US Dollar bezahlen (<a href=\"https:\/\/i94.cbp.dhs.gov\/I94\/#\/home\">i94.cbp.dhs.gov<\/a>).<\/p>\n<figure id=\"attachment_2541\" aria-describedby=\"caption-attachment-2541\" style=\"width: 308px\" class=\"wp-caption aligncenter\"><img loading=\"lazy\" decoding=\"async\" class=\"wp-image-2541 size-full\" src=\"https:\/\/weltwietwech.de\/wp-content\/uploads\/2018\/11\/usborder.jpg\" alt=\"\" width=\"308\" height=\"600\" srcset=\"https:\/\/weltwietwech.de\/wp-content\/uploads\/2018\/11\/usborder.jpg 308w, https:\/\/weltwietwech.de\/wp-content\/uploads\/2018\/11\/usborder-154x300.jpg 154w\" sizes=\"auto, (max-width: 308px) 100vw, 308px\" \/><figcaption id=\"caption-attachment-2541\" class=\"wp-caption-text\">US Border Rechnung<\/figcaption><\/figure>\n<p>&nbsp;<\/p>\n<h4>Peru<\/h4>\n<p>Peru ist ein <strong>visafreies<\/strong> Land, bei dem nicht mal eine Arrival Card ausgef\u00fcllt werden muss. Nur das obligatorische Formular zur Wareneinfuhr muss ausgef\u00fcllt werden. Man darf sich bis zu <strong>90 Tagen<\/strong> pro Halbjahr im Land aufhalten.<\/p>\n<p>&nbsp;<\/p>\n<h4>Bolivien<\/h4>\n<p>Bolivien ist auch ein <strong>visafreies<\/strong> Land, welches die meisten L\u00e4nder der Welt Touristen eine visafreie Einreise erlaubt. Interessanterweise mit Ausnahme der USA, da die Bolivianer nur unter sehr strengen Auflagen und hohen Kosten in die USA einreisen d\u00fcrfen, nehmen sie auch viel Geld bei US-B\u00fcrgern. So m\u00fcssen US-B\u00fcrger f\u00fcr ein einfaches Visum 160 US-Dollar bezahlen.<\/p>\n<p>F\u00fcr uns Deutsche bzw. Europ\u00e4er darf man sich bis zu <strong>90 Tagen<\/strong> pro Kalenderjahr im Land aufhalten. Allerdings nur in 30 Tage Abschnitte, welche man sich jeweils bei der Immigrationsbeh\u00f6rde 2x kostenlos verl\u00e4ngert lassen kann.<\/p>\n<p>Zudem war eine Besonderheit Bolviens, dass wir keine Wareneinfuhrdeklaration ausf\u00fcllen mussten, sondern bei der Ausreise eine Warenausfuhrdeklaration. Au\u00dferdem liest man h\u00e4ufiger, dass Bolivien oder die bolivianischen Grenzbeamten eine &#8222;Exit-Fee&#8220; nach eigenem Ermessen (angeblich auch mal bis zu 15 US-Dollar) von Touristen erheben. Wir mussten bei der Ausreise \u00fcber den Landweg 15 Bolivianos f\u00fcr den Ausreisestempel bezahlen. Dieser Preis wurde allerdings im Vorfeld von allen Busunternehmen angek\u00fcndigt. Wir denken, dass das Geld direkt in die Tasche der Grenzbeamten und evtl. auch etwas an die Busunternehmen geht, aber f\u00fcr etwa 2\u20ac braucht man eigentlich keine Diskussion anfangen, ob diese nun sehr offizielle wirkende Geb\u00fchr \u00fcberhaupt bezahlt werden muss.<\/p>\n<p>&nbsp;<\/p>\n<h4>Chile<\/h4>\n<p>Chile ist auch ein <strong>visafreies<\/strong> Land, welches bei der Einreise nur eine Wareneinfuhrdeklaration verlangt. Ab der Einreise darf man sich <strong>90 Tage<\/strong> im Land zu touristischen Zwecken aufhalten. Bei Bedarf kann der Aufenthalt f\u00fcr weitere 90 Tage f\u00fcr eine Geb\u00fchr von 100 US-Dollar verl\u00e4ngert werden.<\/p>\n","protected":false},"excerpt":{"rendered":"<p>Als Europ\u00e4er ist man etwas verw\u00f6hnt, dass man ohne Vorbereitung und ohne Kosten in die Nachbarl\u00e4nder reisen kann. Aber sobald man Europa verl\u00e4sst, sieht es da schon ganz anders aus. Wohingegen man sich als Deutscher bzw. als EU-Mitglied auch hier nicht beschweren kann, denn wir geh\u00f6ren zu den Staaten mit den meisten visafreien Einreiseberechtigungen der&#8230;<\/p>\n","protected":false},"author":1,"featured_media":0,"parent":955,"menu_order":0,"comment_status":"closed","ping_status":"closed","template":"template-simpleSite.php","meta":{"footnotes":""},"class_list":["post-408","page","type-page","status-publish","hentry"],"_links":{"self":[{"href":"https:\/\/weltwietwech.de\/index.php?rest_route=\/wp\/v2\/pages\/408","targetHints":{"allow":["GET"]}}],"collection":[{"href":"https:\/\/weltwietwech.de\/index.php?rest_route=\/wp\/v2\/pages"}],"about":[{"href":"https:\/\/weltwietwech.de\/index.php?rest_route=\/wp\/v2\/types\/page"}],"author":[{"embeddable":true,"href":"https:\/\/weltwietwech.de\/index.php?rest_route=\/wp\/v2\/users\/1"}],"replies":[{"embeddable":true,"href":"https:\/\/weltwietwech.de\/index.php?rest_route=%2Fwp%2Fv2%2Fcomments&post=408"}],"version-history":[{"count":20,"href":"https:\/\/weltwietwech.de\/index.php?rest_route=\/wp\/v2\/pages\/408\/revisions"}],"predecessor-version":[{"id":4227,"href":"https:\/\/weltwietwech.de\/index.php?rest_route=\/wp\/v2\/pages\/408\/revisions\/4227"}],"up":[{"embeddable":true,"href":"https:\/\/weltwietwech.de\/index.php?rest_route=\/wp\/v2\/pages\/955"}],"wp:attachment":[{"href":"https:\/\/weltwietwech.de\/index.php?rest_route=%2Fwp%2Fv2%2Fmedia&parent=408"}],"curies":[{"name":"wp","href":"https:\/\/api.w.org\/{rel}","templated":true}]}}