{"id":4488,"date":"2019-01-23T07:06:45","date_gmt":"2019-01-23T05:06:45","guid":{"rendered":"https:\/\/weltwietwech.de\/?page_id=4488"},"modified":"2019-02-20T05:51:49","modified_gmt":"2019-02-20T03:51:49","slug":"bolivien","status":"publish","type":"page","link":"https:\/\/weltwietwech.de\/?page_id=4488","title":{"rendered":"BOLIVIEN"},"content":{"rendered":"<h3>\u00dcber das Land<\/h3>\n<p>Bolivien ist das \u00e4rmste Land S\u00fcdamerikas. Das Land wird beherrscht von Korruption und politischen Entscheidungen, die nicht zum Wohle der Gemeinschaft getroffen werden. Zudem geh\u00f6rt Bolivien neben Paraguay zu den einzigen s\u00fcdamerikanischen L\u00e4ndern ohne Seezugang, wodurch die Wirtschaft weiterhin vehement beeinflusst wird.<br \/>\nDennoch gibt es zahlreiche Gr\u00fcnde, Bolivien zu bereisen, kennen und sch\u00e4tzen zu lernen. Die Traditionen, die einmaligen unwirklichen Landschaften, die Lebensfreude der Menschen. Grund f\u00fcr unsere Reise nach Bolivien war die Salzw\u00fcste Salar de Uyuni, die eine unserer sch\u00f6nsten Erlebnisse der Weltreise war. Doch auch die Hauptstadt Sucre hat uns in ihren Bann gezogen, sodass wir uns wie zuhause gef\u00fchlt haben.<\/p>\n<p>&nbsp;<\/p>\n<p><a href=\"https:\/\/weltwietwech.de\/?page_id=4826\">Unser REISEBERICHT und weitere Informationen<\/a><\/p>\n","protected":false},"excerpt":{"rendered":"<p>\u00dcber das Land Bolivien ist das \u00e4rmste Land S\u00fcdamerikas. Das Land wird beherrscht von Korruption und politischen Entscheidungen, die nicht zum Wohle der Gemeinschaft getroffen werden. Zudem geh\u00f6rt Bolivien neben Paraguay zu den einzigen s\u00fcdamerikanischen L\u00e4ndern ohne Seezugang, wodurch die Wirtschaft weiterhin vehement beeinflusst wird. Dennoch gibt es zahlreiche Gr\u00fcnde, Bolivien zu bereisen, kennen und&#8230;<\/p>\n","protected":false},"author":1,"featured_media":0,"parent":946,"menu_order":0,"comment_status":"closed","ping_status":"closed","template":"template-galleryBolivien.php","meta":{"footnotes":""},"class_list":["post-4488","page","type-page","status-publish","hentry"],"_links":{"self":[{"href":"https:\/\/weltwietwech.de\/index.php?rest_route=\/wp\/v2\/pages\/4488","targetHints":{"allow":["GET"]}}],"collection":[{"href":"https:\/\/weltwietwech.de\/index.php?rest_route=\/wp\/v2\/pages"}],"about":[{"href":"https:\/\/weltwietwech.de\/index.php?rest_route=\/wp\/v2\/types\/page"}],"author":[{"embeddable":true,"href":"https:\/\/weltwietwech.de\/index.php?rest_route=\/wp\/v2\/users\/1"}],"replies":[{"embeddable":true,"href":"https:\/\/weltwietwech.de\/index.php?rest_route=%2Fwp%2Fv2%2Fcomments&post=4488"}],"version-history":[{"count":2,"href":"https:\/\/weltwietwech.de\/index.php?rest_route=\/wp\/v2\/pages\/4488\/revisions"}],"predecessor-version":[{"id":5369,"href":"https:\/\/weltwietwech.de\/index.php?rest_route=\/wp\/v2\/pages\/4488\/revisions\/5369"}],"up":[{"embeddable":true,"href":"https:\/\/weltwietwech.de\/index.php?rest_route=\/wp\/v2\/pages\/946"}],"wp:attachment":[{"href":"https:\/\/weltwietwech.de\/index.php?rest_route=%2Fwp%2Fv2%2Fmedia&parent=4488"}],"curies":[{"name":"wp","href":"https:\/\/api.w.org\/{rel}","templated":true}]}}