{"id":473,"date":"2018-06-15T00:00:40","date_gmt":"2018-06-14T22:00:40","guid":{"rendered":"https:\/\/weltwietwech.de\/?page_id=473"},"modified":"2019-01-05T05:07:04","modified_gmt":"2019-01-05T03:07:04","slug":"sri-lanka","status":"publish","type":"page","link":"https:\/\/weltwietwech.de\/?page_id=473","title":{"rendered":"SRI LANKA"},"content":{"rendered":"<h3>\u00dcber das Land<\/h3>\n<p>Sri Lanka ist ein Land der Vielf\u00e4ltigkeit trotz seiner Gr\u00f6\u00dfe. Auf einer relativ kleinen Fl\u00e4che &#8211; nicht mal so gro\u00df wie Bayern &#8211; vereint das Land Kultur, Natur und Sandstrand. Dabei kann Sri Lanka ganzj\u00e4hrig bereist werden. W\u00e4hrend es von November bis April im Westen und S\u00fcden sch\u00f6n ist, hat man von April bis November im Norden und Osten gutes Wetter. Aber auch in der Regenzeit kann man &#8211; wie wir &#8211;\u00a0 Gl\u00fcck mit dem Wetter haben und die g\u00fcnstigen Preise der Off-Season ausnutzen. Obwohl der Tourismus die zweitgr\u00f6\u00dfte Einnahmequelle des Landes (nach Tee-Exporten) ist, ist man als Tourist ein gerngesehener Gast im Land.<\/p>\n<p>&nbsp;<\/p>\n<p><a href=\"https:\/\/weltwietwech.de\/?page_id=2410\">Unser REISEBERICHT und weitere Informationen<\/a><\/p>\n","protected":false},"excerpt":{"rendered":"<p>\u00dcber das Land Sri Lanka ist ein Land der Vielf\u00e4ltigkeit trotz seiner Gr\u00f6\u00dfe. Auf einer relativ kleinen Fl\u00e4che &#8211; nicht mal so gro\u00df wie Bayern &#8211; vereint das Land Kultur, Natur und Sandstrand. Dabei kann Sri Lanka ganzj\u00e4hrig bereist werden. W\u00e4hrend es von November bis April im Westen und S\u00fcden sch\u00f6n ist, hat man von&#8230;<\/p>\n","protected":false},"author":1,"featured_media":0,"parent":946,"menu_order":0,"comment_status":"closed","ping_status":"closed","template":"template-gallerySriLanka.php","meta":{"footnotes":""},"class_list":["post-473","page","type-page","status-publish","hentry"],"_links":{"self":[{"href":"https:\/\/weltwietwech.de\/index.php?rest_route=\/wp\/v2\/pages\/473","targetHints":{"allow":["GET"]}}],"collection":[{"href":"https:\/\/weltwietwech.de\/index.php?rest_route=\/wp\/v2\/pages"}],"about":[{"href":"https:\/\/weltwietwech.de\/index.php?rest_route=\/wp\/v2\/types\/page"}],"author":[{"embeddable":true,"href":"https:\/\/weltwietwech.de\/index.php?rest_route=\/wp\/v2\/users\/1"}],"replies":[{"embeddable":true,"href":"https:\/\/weltwietwech.de\/index.php?rest_route=%2Fwp%2Fv2%2Fcomments&post=473"}],"version-history":[{"count":37,"href":"https:\/\/weltwietwech.de\/index.php?rest_route=\/wp\/v2\/pages\/473\/revisions"}],"predecessor-version":[{"id":4080,"href":"https:\/\/weltwietwech.de\/index.php?rest_route=\/wp\/v2\/pages\/473\/revisions\/4080"}],"up":[{"embeddable":true,"href":"https:\/\/weltwietwech.de\/index.php?rest_route=\/wp\/v2\/pages\/946"}],"wp:attachment":[{"href":"https:\/\/weltwietwech.de\/index.php?rest_route=%2Fwp%2Fv2%2Fmedia&parent=473"}],"curies":[{"name":"wp","href":"https:\/\/api.w.org\/{rel}","templated":true}]}}